{"id":74,"date":"2012-12-31T13:47:03","date_gmt":"2012-12-31T13:47:03","guid":{"rendered":"http:\/\/www.amisducasset.com\/?page_id=74"},"modified":"2012-12-31T13:47:03","modified_gmt":"2012-12-31T13:47:03","slug":"historique","status":"publish","type":"page","link":"https:\/\/amisducasset.net\/index.php\/historique\/","title":{"rendered":"Historique"},"content":{"rendered":"<p>\t\t\t\t<em>L\u2019association\u00a0 de d\u00e9fense du Casset a \u00e9t\u00e9 fond\u00e9e en\u00a0 f\u00e9vrier 1978\u00a0 dans le but de d\u00e9fendre l\u2019int\u00e9grit\u00e9 du hameau devant une menace de modification du POS \u00a0pr\u00e9voyant \u00a0une zone Nab ( r\u00e9serv\u00e9e pour une urbanisation future) situ\u00e9e en arri\u00e8re du village sur plus de 2 hectares avec un COS de 0,7. Apr\u00e8s avoir obtenu gain de cause, l\u2019association \u00a0se d\u00e9fend\u00a0 la m\u00eame ann\u00e9e avec succ\u00e8s\u00a0 contre un projet de microcentrale sur le petit Tabuc. <\/em><\/p>\n<p><em>Les ann\u00e9es suivantes ne voient pas de menace particuli\u00e8re se pr\u00e9ciser, l\u2019association devient\u00a0: \u00ab\u00a0Association des Amis du Casset\u00a0\u00bb\u00a0en \u00a0XXX. <\/em><\/p>\n<p><em>De nombreuses am\u00e9liorations du cadre de vie \u00a0soutenues par elle se font jour\u00a0par la suite: interdiction du camping sauvage, cr\u00e9ation d\u2019un\u00a0 grand parking \u00e0 l\u2019entr\u00e9e du hameau, desserte en transports publics y compris par des navettes fr\u00e9quentes en saison d\u2019hiver, charte patrimoniale\u00a0 permettant le maintien du caract\u00e8re des b\u00e2timents,\u00a0 restauration du moulin. \u00a0Mais , m\u00eame tr\u00e8s \u00ab\u00a0amicalement,\u00a0\u00bb elle doit lutter sans rel\u00e2che contre de nouvelles menaces \u00e0 l\u2019int\u00e9grit\u00e9 du site, la derni\u00e8re en date \u00e9tant la r\u00e9surgence d\u2019un projet de microcentrale sur le Petit Tabuc.<\/em>\t\t<\/p>\n","protected":false},"excerpt":{"rendered":"<p>L\u2019association\u00a0 de d\u00e9fense du Casset a \u00e9t\u00e9 fond\u00e9e en\u00a0 f\u00e9vrier 1978\u00a0 dans le but de d\u00e9fendre l\u2019int\u00e9grit\u00e9 du hameau devant une menace de modification du POS \u00a0pr\u00e9voyant \u00a0une zone Nab ( r\u00e9serv\u00e9e pour une urbanisation future) situ\u00e9e en arri\u00e8re du village sur plus de 2 hectares avec un COS de 0,7. Apr\u00e8s avoir obtenu gain &hellip; <a href=\"https:\/\/amisducasset.net\/index.php\/historique\/\" class=\"more-link\">Continuer la lecture de <span class=\"screen-reader-text\">Historique<\/span>  <span class=\"meta-nav\">&rarr;<\/span><\/a><\/p>\n","protected":false},"author":1,"featured_media":0,"parent":0,"menu_order":0,"comment_status":"closed","ping_status":"closed","template":"","meta":{"footnotes":""},"class_list":["post-74","page","type-page","status-publish","hentry"],"_links":{"self":[{"href":"https:\/\/amisducasset.net\/index.php\/wp-json\/wp\/v2\/pages\/74","targetHints":{"allow":["GET"]}}],"collection":[{"href":"https:\/\/amisducasset.net\/index.php\/wp-json\/wp\/v2\/pages"}],"about":[{"href":"https:\/\/amisducasset.net\/index.php\/wp-json\/wp\/v2\/types\/page"}],"author":[{"embeddable":true,"href":"https:\/\/amisducasset.net\/index.php\/wp-json\/wp\/v2\/users\/1"}],"replies":[{"embeddable":true,"href":"https:\/\/amisducasset.net\/index.php\/wp-json\/wp\/v2\/comments?post=74"}],"version-history":[{"count":0,"href":"https:\/\/amisducasset.net\/index.php\/wp-json\/wp\/v2\/pages\/74\/revisions"}],"wp:attachment":[{"href":"https:\/\/amisducasset.net\/index.php\/wp-json\/wp\/v2\/media?parent=74"}],"curies":[{"name":"wp","href":"https:\/\/api.w.org\/{rel}","templated":true}]}}