{"id":65,"date":"2012-12-31T13:43:03","date_gmt":"2012-12-31T13:43:03","guid":{"rendered":"http:\/\/www.amisducasset.com\/?page_id=65"},"modified":"2021-03-20T19:36:07","modified_gmt":"2021-03-20T18:36:07","slug":"adhesion-et-cotisation","status":"publish","type":"page","link":"https:\/\/amisducasset.net\/index.php\/buts-et-activites\/adhesion-et-cotisation\/","title":{"rendered":"Adh\u00e9sion et Cotisation"},"content":{"rendered":"<p>La cotisation individuelle est de 15 euros ( ou 20 euros pour un couple \u00e0 votre libre choix) libell\u00e9 \u00e0 l&rsquo;ordre de \u00ab\u00a0l&rsquo;Association des Amis du Casset\u00a0\u00bb<\/p>\n<p>Envoyer votre adh\u00e9sion \u00e0 l&rsquo;ordre de l&rsquo;AAC,<\/p>\n<p>BP n\u00b04\u00a0 05220 Le Monetier les Bains en pr\u00e9cisant<\/p>\n<ul>\n<li>Nom et pr\u00e9nom des adh\u00e9rents<\/li>\n<\/ul>\n<ul>\n<li>Adresse<\/li>\n<\/ul>\n<ul>\n<li>Adresse de courrier \u00e9lectronique (optionnel).<\/li>\n<\/ul>\n<p>Si vous indiquez votre email, tous les documents, toutes les nouvelles et toutes les convocations vous seront envoy\u00e9s par courrier \u00e9lectronique, ce qui all\u00e8gera notre secr\u00e9tariat et notre tr\u00e9sorerie.<\/p>\n<ul>\n<li>Vos disponibilit\u00e9s pour animer l&rsquo;association<\/li>\n<\/ul>\n<ul>\n<li>Vos suggestions<\/li>\n<\/ul>\n<p>Si vous pr\u00e9f\u00e9rez payer par virement, envoyez un mail \u00e0 contact[arobase]amisducasset[point]org, et vous recevrez en retour un appel \u00e0 cotisation avec les coordonn\u00e9es bancaires de l&rsquo;association.<\/p>\n<p>&#8212;&#8212;&#8212;&#8212;&#8212;&#8212;&#8212;&#8212;&#8212;&#8212;&#8212;&#8212;&#8212;&#8212;&#8212;&#8212;&#8212;&#8212;&#8212;&#8212;&#8212;&#8212;&#8212;&#8212;&#8212;&#8212;&#8212;&#8212;&#8212;&#8212;&#8212;&#8212;&#8212;&#8212;&#8212;&#8212;&#8212;&#8212;&#8212;&#8212;<\/p>\n<p><b>Bulletin d\u2019adh\u00e9sion <\/b><\/p>\n<p>NOM\u00a0:\u00a0\u00a0\u00a0\u00a0\u00a0\u00a0\u00a0\u00a0\u00a0\u00a0\u00a0\u00a0\u00a0\u00a0\u00a0\u00a0\u00a0\u00a0\u00a0\u00a0\u00a0\u00a0\u00a0\u00a0\u00a0\u00a0\u00a0\u00a0\u00a0\u00a0\u00a0\u00a0\u00a0\u00a0\u00a0\u00a0\u00a0\u00a0\u00a0\u00a0\u00a0\u00a0\u00a0\u00a0\u00a0\u00a0\u00a0\u00a0\u00a0\u00a0\u00a0\u00a0\u00a0\u00a0\u00a0\u00a0\u00a0\u00a0\u00a0\u00a0\u00a0\u00a0\u00a0 PRENOM\u00a0:<\/p>\n<p>ADRESSE\u00a0:<\/p>\n<p>ADRESSE COURRIEL<\/p>\n","protected":false},"excerpt":{"rendered":"<p>La cotisation individuelle est de 15 euros ( ou 20 euros pour un couple \u00e0 votre libre choix) libell\u00e9 \u00e0 l&rsquo;ordre de \u00ab\u00a0l&rsquo;Association des Amis du Casset\u00a0\u00bb Envoyer votre adh\u00e9sion \u00e0 l&rsquo;ordre de l&rsquo;AAC, BP n\u00b04\u00a0 05220 Le Monetier les Bains en pr\u00e9cisant Nom et pr\u00e9nom des adh\u00e9rents Adresse Adresse de courrier \u00e9lectronique (optionnel). Si &hellip; <a href=\"https:\/\/amisducasset.net\/index.php\/buts-et-activites\/adhesion-et-cotisation\/\" class=\"more-link\">Continuer la lecture de <span class=\"screen-reader-text\">Adh\u00e9sion et Cotisation<\/span>  <span class=\"meta-nav\">&rarr;<\/span><\/a><\/p>\n","protected":false},"author":1,"featured_media":0,"parent":63,"menu_order":0,"comment_status":"closed","ping_status":"closed","template":"","meta":{"footnotes":""},"class_list":["post-65","page","type-page","status-publish","hentry"],"_links":{"self":[{"href":"https:\/\/amisducasset.net\/index.php\/wp-json\/wp\/v2\/pages\/65","targetHints":{"allow":["GET"]}}],"collection":[{"href":"https:\/\/amisducasset.net\/index.php\/wp-json\/wp\/v2\/pages"}],"about":[{"href":"https:\/\/amisducasset.net\/index.php\/wp-json\/wp\/v2\/types\/page"}],"author":[{"embeddable":true,"href":"https:\/\/amisducasset.net\/index.php\/wp-json\/wp\/v2\/users\/1"}],"replies":[{"embeddable":true,"href":"https:\/\/amisducasset.net\/index.php\/wp-json\/wp\/v2\/comments?post=65"}],"version-history":[{"count":7,"href":"https:\/\/amisducasset.net\/index.php\/wp-json\/wp\/v2\/pages\/65\/revisions"}],"predecessor-version":[{"id":2577,"href":"https:\/\/amisducasset.net\/index.php\/wp-json\/wp\/v2\/pages\/65\/revisions\/2577"}],"up":[{"embeddable":true,"href":"https:\/\/amisducasset.net\/index.php\/wp-json\/wp\/v2\/pages\/63"}],"wp:attachment":[{"href":"https:\/\/amisducasset.net\/index.php\/wp-json\/wp\/v2\/media?parent=65"}],"curies":[{"name":"wp","href":"https:\/\/api.w.org\/{rel}","templated":true}]}}