{"id":63,"date":"2012-12-31T13:42:11","date_gmt":"2012-12-31T13:42:11","guid":{"rendered":"http:\/\/www.amisducasset.com\/?page_id=63"},"modified":"2012-12-31T13:42:11","modified_gmt":"2012-12-31T13:42:11","slug":"buts-et-activites","status":"publish","type":"page","link":"https:\/\/amisducasset.net\/index.php\/buts-et-activites\/","title":{"rendered":"Buts et Activit\u00e9s"},"content":{"rendered":"<p>\t\t\t\tL&rsquo;ensemble naturel dans lequel s&rsquo;inscrit le hameau du Casset poss\u00e8de tous les attributs d&rsquo;un grand site de qualit\u00e9 exceptionnelle et d&rsquo;originalit\u00e9 incontestable. Le village lui-m\u00eame ajoute un \u00e9l\u00e9ment d&rsquo;authenticit\u00e9 architecturale et paysag\u00e8re qui appelle et justifie une protection particuli\u00e8re.<\/p>\n<p>Le Casset est un village qui vit et doit d\u00e9velopper harmonieusement ses activit\u00e9 \u00e0 vocation agricole et touristique dans le respect\u00a0du cadre que lui ont l\u00e9gu\u00e9 la nature et l&rsquo;histoire.<br \/>\nC&rsquo;est au respect et \u00e0 la perp\u00e9tuation de ces valeurs que se consacre l&rsquo;Association des Amis du Casset qui participe aussi activement \u00e0 la r\u00e9solution des probl\u00e8mes de la vie quotidienne de notre village.<br \/>\nAidez-nous dans notre action et adh\u00e9rez \u00e0 l&rsquo;Association.<\/p>\n<p>Pour plus d&rsquo;information, n&rsquo;h\u00e9sitez pas \u00e0 lire la rubrique \u00ab\u00a0Pr\u00e9occupations actuelles\u00a0\u00bb<\/p>\n<p><a href=\"http:\/\/www.amisducasset.com\/wp-content\/uploads\/2013\/01\/header_10.png\"><img loading=\"lazy\" decoding=\"async\" class=\"alignleft size-full wp-image-250\" alt=\"header_10\" src=\"http:\/\/www.amisducasset.com\/wp-content\/uploads\/2013\/01\/header_10.png\" width=\"600\" height=\"299\" \/><\/a>\t\t<\/p>\n","protected":false},"excerpt":{"rendered":"<p>L&rsquo;ensemble naturel dans lequel s&rsquo;inscrit le hameau du Casset poss\u00e8de tous les attributs d&rsquo;un grand site de qualit\u00e9 exceptionnelle et d&rsquo;originalit\u00e9 incontestable. Le village lui-m\u00eame ajoute un \u00e9l\u00e9ment d&rsquo;authenticit\u00e9 architecturale et paysag\u00e8re qui appelle et justifie une protection particuli\u00e8re. Le Casset est un village qui vit et doit d\u00e9velopper harmonieusement ses activit\u00e9 \u00e0 vocation agricole &hellip; <a href=\"https:\/\/amisducasset.net\/index.php\/buts-et-activites\/\" class=\"more-link\">Continuer la lecture de <span class=\"screen-reader-text\">Buts et Activit\u00e9s<\/span>  <span class=\"meta-nav\">&rarr;<\/span><\/a><\/p>\n","protected":false},"author":1,"featured_media":0,"parent":0,"menu_order":0,"comment_status":"open","ping_status":"open","template":"","meta":{"footnotes":""},"class_list":["post-63","page","type-page","status-publish","hentry"],"_links":{"self":[{"href":"https:\/\/amisducasset.net\/index.php\/wp-json\/wp\/v2\/pages\/63","targetHints":{"allow":["GET"]}}],"collection":[{"href":"https:\/\/amisducasset.net\/index.php\/wp-json\/wp\/v2\/pages"}],"about":[{"href":"https:\/\/amisducasset.net\/index.php\/wp-json\/wp\/v2\/types\/page"}],"author":[{"embeddable":true,"href":"https:\/\/amisducasset.net\/index.php\/wp-json\/wp\/v2\/users\/1"}],"replies":[{"embeddable":true,"href":"https:\/\/amisducasset.net\/index.php\/wp-json\/wp\/v2\/comments?post=63"}],"version-history":[{"count":0,"href":"https:\/\/amisducasset.net\/index.php\/wp-json\/wp\/v2\/pages\/63\/revisions"}],"wp:attachment":[{"href":"https:\/\/amisducasset.net\/index.php\/wp-json\/wp\/v2\/media?parent=63"}],"curies":[{"name":"wp","href":"https:\/\/api.w.org\/{rel}","templated":true}]}}